{"id":1234,"date":"2025-12-10T15:31:26","date_gmt":"2025-12-10T14:31:26","guid":{"rendered":"https:\/\/sfbbilleder.eu\/port\/?page_id=1234"},"modified":"2025-12-13T09:26:24","modified_gmt":"2025-12-13T08:26:24","slug":"om-portalen","status":"publish","type":"page","link":"https:\/\/sfbbilleder.eu\/port\/om-portalen\/","title":{"rendered":"Om portalen"},"content":{"rendered":"\n<p>Vores portal er det&nbsp;<strong>digitale knudepunkt<\/strong>&nbsp;for Lokalhistorisk Forening \u201cSyd for Banen\u201d og fungerer som en&nbsp;<strong>s\u00f8gbar, levende hukommelse<\/strong>&nbsp;for bydelen i Roskilde Syd. Portalen er et fors\u00f8g p\u00e5 at skabe lokalhistorie&nbsp;<strong>p\u00e5 tv\u00e6rs af generationer<\/strong>&nbsp;ved at bev\u00e6ge sig v\u00e6k fra \u201cst\u00f8vede arkiver\u201d og i stedet bruge historien som et&nbsp;<strong>aktivt og engagerende v\u00e6rkt\u00f8j<\/strong>.<\/p>\n\n\n\n<p>Portalen samler alle vores digitale ressourcer \u00e9t sted, hvilket g\u00f8r bydelens historie tilg\u00e6ngelig&nbsp;<strong>lige ved h\u00e5nden for alle og enhver<\/strong>.<\/p>\n\n\n<h2 class=\"wp-block-heading\" id=\"her-kan-du-forvente-at-finde\">Her kan du forvente at finde:<\/h2>\n\n\n<ul class=\"wp-block-list\">\n<li><strong>Interaktive Kort:<\/strong>&nbsp;Adgang til det interaktive kort&nbsp;<strong>\u201cVores Roskilde\u201d<\/strong>, som giver et nemt og overskueligt overblik over \u201cinteressante ting\u201d i Roskilde Kommune. Kortet indeholder&nbsp;<strong>flere hundrede datapunkter (pins)<\/strong>&nbsp;fordelt p\u00e5 forskellige lag, som du kan sl\u00e5 til og fra, herunder oplysninger om kunstv\u00e6rker, historiske steder og gader og veje.<\/li>\n\n\n\n<li><strong>AI-Chatbot (\u201cFortidsvennen\u201d):<\/strong>&nbsp;Du kan f\u00f8re en&nbsp;<strong>samtale med byens hukommelse<\/strong>&nbsp;via vores chatbot. Den fungerer som en&nbsp;<strong>digital arkivar<\/strong>&nbsp;og er ekspert i at besvare sp\u00f8rgsm\u00e5l om de&nbsp;<strong>glemte butikker i Roskilde<\/strong>.<\/li>\n\n\n\n<li><strong>Podcasts og Lydfort\u00e6llinger:<\/strong>&nbsp;Et stort udvalg af&nbsp;<strong>over 60 podcasts<\/strong>&nbsp;med lokale fort\u00e6llinger og samtaler, der giver narrativ dybde til emner som Roskilde Ring, Jakobskirkens jubil\u00e6um, gader og veje som Astersvej og Eriksvej, samt historien om store arbejdspladser som ARGO og DAK-Laboratoriet.<\/li>\n\n\n\n<li><strong>Billedgallerier og F\u00f8r\/Nu-Billeder:<\/strong>&nbsp;Et omfattende&nbsp;<strong>online billedgalleri<\/strong>&nbsp;med tusindvis af billeder. Du kan ogs\u00e5 se,&nbsp;<strong>hvordan byen \u00e6ndrer sig<\/strong>&nbsp;over tid via vores \u201cF\u00f8r og i dag billeder\u201d-v\u00e6rkt\u00f8j, hvor du kan flytte en&nbsp;<em>slider<\/em>for at opleve forvandlingen (f.eks. ved Roskilde Mejeri og Bakkeg\u00e5rden).<\/li>\n\n\n\n<li><strong>Artikler og Rapporter:<\/strong>&nbsp;Dybtg\u00e5ende artikler og rapporter om historiske begivenheder og byudvikling, herunder historien om Roskilde Andelsslagteri, Musicon-bydelen, og analyser af lokal&nbsp;<strong>jordforurening<\/strong>.<\/li>\n<\/ul>\n\n\n\n<p>Portalen er en\u00a0<strong>genopfindelse af m\u00e5den at fort\u00e6lle historier p\u00e5<\/strong>\u00a0og blev anerkendt med Landsby- og bydelsprisen 2025. Du inviteres til at\u00a0<strong>bidrage med input<\/strong>\u00a0for at hj\u00e6lpe os med at udvide antallet af informationer mest muligt, da vi ser os selv som en lokalhistorisk\u00a0<em>platform<\/em>.<\/p>\n\n\n\n<p>Niels J\u00f8rgen Rasmussen, Peter Ottesen og Poul Erik L\u00f8vskov<\/p>\n","protected":false},"excerpt":{"rendered":"<p>Vores portal er det&nbsp;digitale knudepunkt&nbsp;for Lokalhistorisk Forening \u201cSyd for Banen\u201d og fungerer som en&nbsp;s\u00f8gbar, levende hukommelse&nbsp;for bydelen i Roskilde Syd. Portalen er et fors\u00f8g p\u00e5 at skabe lokalhistorie&nbsp;p\u00e5 tv\u00e6rs af generationer&nbsp;ved at bev\u00e6ge sig v\u00e6k fra \u201cst\u00f8vede arkiver\u201d og i stedet bruge historien som et&nbsp;aktivt og engagerende v\u00e6rkt\u00f8j. Portalen samler alle vores digitale ressourcer \u00e9t [&hellip;]<\/p>\n","protected":false},"author":1,"featured_media":0,"parent":0,"menu_order":0,"comment_status":"closed","ping_status":"closed","template":"","meta":{"postBodyCss":"","postBodyMargin":[],"postBodyPadding":[],"postBodyBackground":{"backgroundType":"classic","gradient":""},"enableOnePageScrollInPage":false,"onePageScrollCss":"body.gutenkit .gkit-one-page-scroll-dots { --navigation-color: #00ff0d; --navigation-color-active: #00ff0d; --navigation-color-hover: #00ff0d; --navigation-tooltip-arrow-color: #00ff0d; --navigation-tooltip-arrow-color-hover: #00ff0d; } body.gutenkit .gkit-one-page-scroll-dots li.gkit-one-page-scroll-dot .gkit-one-page-scroll-tooltip { color: #ffffff; background-color: #00ff0d; } body.gutenkit .gkit-one-page-scroll-dots li.gkit-one-page-scroll-dot .gkit-one-page-scroll-tooltip:hover { color: #fff; background-color: #00ff0d; }","onePageScrollSpeed":1000,"onePageScrollAnimation":"easeInOutQuad","onePageScrollShowDotNavigation":true,"onePageScrollNavigation":"scaleUp","onePageScrollNavigationPosition":"right","onePageScrollNavigationHorizontal":[],"onePageScrollNavigationVertical":[],"onePageScrollNavigationSpacing":[],"onePageScrollNavigationColor":"#00ff0d","onePageScrollNavigationColorHover":"#00ff0d","onePageScrollNavigationColorActive":"#00ff0d","onePageScrollNavigationIcon":[],"onePageScrollNavigationWidth":[],"onePageScrollNavigationWidthHover":[],"onePageScrollNavigationWidthActive":[],"onePageScrollNavigationHeight":[],"onePageScrollNavigationHeightHover":[],"onePageScrollNavigationHeightActive":[],"onePageScrollNavigationBorder":[],"onePageScrollNavigationBorderHover":[],"onePageScrollNavigationBorderActive":[],"onePageScrollNavigationBorderRadius":[],"onePageScrollNavigationBorderRadiusHover":[],"onePageScrollNavigationBorderRadiusActive":[],"onePageScrollNavigationTooltipTypography":[],"onePageScrollNavigationTooltipColor":"#ffffff","onePageScrollNavigationTooltipColorHover":"","onePageScrollNavigationTooltipBgColor":"#00ff0d","onePageScrollNavigationTooltipBgColorHover":"","onePageScrollNavigationTooltipPadding":[],"onePageScrollNavigationTooltipPaddingHover":[],"onePageScrollNavigationTooltipBorderRadius":[],"onePageScrollNavigationTooltipBorderRadiusHover":[],"pageSettingsCustomCss":"","footnotes":""},"class_list":["post-1234","page","type-page","status-publish","hentry"],"_links":{"self":[{"href":"https:\/\/sfbbilleder.eu\/port\/wp-json\/wp\/v2\/pages\/1234","targetHints":{"allow":["GET"]}}],"collection":[{"href":"https:\/\/sfbbilleder.eu\/port\/wp-json\/wp\/v2\/pages"}],"about":[{"href":"https:\/\/sfbbilleder.eu\/port\/wp-json\/wp\/v2\/types\/page"}],"author":[{"embeddable":true,"href":"https:\/\/sfbbilleder.eu\/port\/wp-json\/wp\/v2\/users\/1"}],"replies":[{"embeddable":true,"href":"https:\/\/sfbbilleder.eu\/port\/wp-json\/wp\/v2\/comments?post=1234"}],"version-history":[{"count":0,"href":"https:\/\/sfbbilleder.eu\/port\/wp-json\/wp\/v2\/pages\/1234\/revisions"}],"wp:attachment":[{"href":"https:\/\/sfbbilleder.eu\/port\/wp-json\/wp\/v2\/media?parent=1234"}],"curies":[{"name":"wp","href":"https:\/\/api.w.org\/{rel}","templated":true}]}}